{"id":175,"date":"2025-01-09T19:31:22","date_gmt":"2025-01-09T22:31:22","guid":{"rendered":"https:\/\/ofaixapreta.com.br\/?post_type=product&#038;p=175"},"modified":"2025-02-23T19:54:19","modified_gmt":"2025-02-23T22:54:19","slug":"pacote-promocional-full-training-plus-6-meses-de-utilizacao-por-1x-de-r53400","status":"publish","type":"product","link":"https:\/\/ofaixapreta.com.br\/index.php\/produto\/pacote-promocional-full-training-plus-6-meses-de-utilizacao-por-1x-de-r53400\/","title":{"rendered":"Pacote Semestral: Full Training &#8220;PLUS&#8221; (1x de R$642,00)"},"content":{"rendered":"<p><span style=\"color: #ff6600;\"><strong>&#8220;PR\u00c9-LAN\u00c7AMENTO &#8211; BLACK FRIDAY&#8221;<br \/>\n* DISPON\u00cdVEL SOMENTE HOJE!<br \/>\n* 3 M\u00d3DULOS DE TREINAMENTO EM UM \u00daNICO PRODUTO!<\/strong><\/span><\/p>\n<p><a style=\"color: #993300;\" href=\"https:\/\/youtu.be\/2OKZQsUX08w\" target=\"_blank\" rel=\"noopener\"><strong style=\"font-size: 16px;\"><span style=\"color: #000000;\"><img decoding=\"async\" class=\"alignnone wp-image-220\" src=\"https:\/\/ofaixapreta.com.br\/wp-content\/uploads\/2025\/01\/Full-Training-Plus-1280-x720-Botao-Play-1-300x169.png\" alt=\"\" width=\"268\" height=\"151\" srcset=\"https:\/\/ofaixapreta.com.br\/wp-content\/uploads\/2025\/01\/Full-Training-Plus-1280-x720-Botao-Play-1-300x169.png 300w, https:\/\/ofaixapreta.com.br\/wp-content\/uploads\/2025\/01\/Full-Training-Plus-1280-x720-Botao-Play-1-1024x576.png 1024w, https:\/\/ofaixapreta.com.br\/wp-content\/uploads\/2025\/01\/Full-Training-Plus-1280-x720-Botao-Play-1-768x432.png 768w, https:\/\/ofaixapreta.com.br\/wp-content\/uploads\/2025\/01\/Full-Training-Plus-1280-x720-Botao-Play-1-1536x864.png 1536w, https:\/\/ofaixapreta.com.br\/wp-content\/uploads\/2025\/01\/Full-Training-Plus-1280-x720-Botao-Play-1-600x338.png 600w, https:\/\/ofaixapreta.com.br\/wp-content\/uploads\/2025\/01\/Full-Training-Plus-1280-x720-Botao-Play-1.png 1920w\" sizes=\"(max-width: 268px) 100vw, 268px\" \/><\/span><\/strong><\/a><\/p>\n<p><span style=\"color: #993300;\"><span style=\"color: #ff6600;\"><strong>CLICK PARA VISUALIZAR A PR\u00c9VIA DO CURSO:<\/strong><\/span><span style=\"color: #3366ff;\">\u00a0<a style=\"color: #3366ff;\" href=\"https:\/\/youtu.be\/2OKZQsUX08w\" target=\"_blank\" rel=\"noopener\">\u25b6<strong>V\u00eddeo <\/strong><strong>FTP<\/strong><\/a><\/span><\/span><\/p>\n<ul>\n<li><span style=\"color: #000000;\"><strong>C\u00d3DIGO PACOTE:<\/strong> Temporada 2025\/ Ciclo 01;<\/span><\/li>\n<li><span style=\"color: #000000;\"><strong>CATEGORIA:<\/strong> Pacote Promocional &#8220;Black Friday&#8221;;<\/span><\/li>\n<li><span style=\"font-size: 16px; color: #000000;\"><strong>VALIDADE:<\/strong> 6 meses de conte\u00fado com acesso vital\u00edcio;<\/span><\/li>\n<li><span style=\"font-size: 16px; color: #000000;\"><strong>DURA\u00c7\u00c3O PROMO\u00c7\u00c3O:<\/strong> at\u00e9 as 00:00h de hoje, ap\u00f3s este prazo, os pre\u00e7os retornam ao seu valor original;<\/span><\/li>\n<li><span style=\"color: #000000;\"><span style=\"vertical-align: inherit;\"><strong>OFERTA:<\/strong> de <del>R$ 2.920,00<\/del> por <\/span><strong><span style=\"vertical-align: inherit;\">R$ 642,00 (78% Off).<\/span><\/strong><span style=\"vertical-align: inherit;\"> Pacote Promocional de &#8220;Pr\u00e9-lan\u00e7amento&#8221;, que d\u00e1 direito a <strong>6 meses<\/strong>\u00a0de utiliza\u00e7\u00e3o, com conte\u00fado semanal atualizado;<\/span><\/span><\/li>\n<li><span style=\"color: #000000;\"><strong>VANTAGENS:<\/strong> 3 x M\u00f3dulos de Treinamento Digital em 1\u00a0 +\u00a0 B\u00f4nus Extra\u00a0 +\u00a0 B\u00f4nus Cortesia;<\/span><\/li>\n<li><strong>ANTECIPA\u00c7\u00c3O:<\/strong> Entrega antecipada de todo o &#8220;Conte\u00fado de Estudos&#8221; da 1\u00aa semana do Pacote Full Training PLUS que s\u00f3 estar\u00e1 dispon\u00edvel para as demais pessoas, na data do seu &#8220;Lan\u00e7amento&#8221;;<\/li>\n<li><span style=\"color: #000000;\"><span style=\"vertical-align: inherit;\"><strong>B\u00d4NUS EXTRA:<\/strong> 1 x &#8220;Aula Presencial Gratuita&#8221; a cada final de m\u00eas, dentro de 1 m\u00eas de Curso;<\/span><\/span><\/li>\n<li><span style=\"vertical-align: inherit;\"><strong>B\u00d4NUS CORTEZIA:<\/strong> 1 x &#8220;Aula Digital Gratuita&#8221; do &#8220;M\u00f3dulo Bonus Track&#8221; no <\/span><span style=\"color: #000000;\"><span style=\"vertical-align: inherit;\">final do m\u00eas, dentro de 1 m\u00eas de Curso;<\/span><\/span><\/li>\n<li><strong>ACESSO PRIVATIVO:<\/strong> acesso ao Grupo Privado do WhatsApp e \u00c1rea de Membros;<\/li>\n<li><span style=\"vertical-align: inherit;\"><strong>RENOVA\u00c7\u00c3O:<\/strong> recebimento de &#8220;Licen\u00e7a (c\u00f3digo)&#8221; para renova\u00e7\u00e3o desta &#8220;Promo\u00e7\u00e3o&#8221; por mais &#8220;6 meses&#8221;, sem altera\u00e7\u00e3o dos valores;<\/span><\/li>\n<li><span style=\"font-size: 16px; color: #000000;\"><strong>CONTE\u00daDO:<\/strong> Acesso &#8220;Vital\u00edcio ao Conte\u00fado&#8221; com Aulas Online, Apostilas, Treinamento, Plant\u00e3o de D\u00favidas, Mentoria Estrat\u00e9gica totalmente digital, com conte\u00fado altamente t\u00e9cnico e espec\u00edfico;<\/span><\/li>\n<li><span style=\"font-size: 16px; color: #000000;\"><strong>OBJETIVO:<\/strong> Transmiss\u00e3o de legado para auxiliar, agregar e colaborar com a busca da excel\u00eancia do Artista Marcial, culminando na &#8220;supremacia de combate&#8221;;<\/span><\/li>\n<li><span style=\"font-size: 16px; color: #000000;\"><strong>CERTIFICA\u00c7\u00c3O:<\/strong> Curso sem certifica\u00e7\u00e3o. Curso de continuidade. Treinamento infinito;<\/span><\/li>\n<li><span style=\"font-size: 16px; color: #000000;\"><strong>P\u00daBLICO ALVO:<\/strong> Artistas Marciais em Geral n\u00e3o principiantes;<\/span><\/li>\n<li><strong>GARANTIA:<\/strong> 7 dias de &#8220;Garantia&#8221; ou seu investimento de volta!<\/li>\n<\/ul>\n<p><span style=\"color: #000000;\"><span style=\"vertical-align: inherit;\"><strong>Obs:<\/strong> o direito a &#8220;renova\u00e7\u00e3o&#8221; desta <strong>OFERTA<\/strong> s\u00f3 poder\u00e1 ser feita, mediante aquisi\u00e7\u00e3o deste <strong>PACOTE<\/strong> a<\/span><\/span><span style=\"color: #000000;\"><span style=\"vertical-align: inherit;\">t\u00e9 a data de hoje. Ap\u00f3s esse prazo, os pre\u00e7os voltam a sua normalidade. V<\/span><\/span><span style=\"color: #000000;\"><span style=\"vertical-align: inherit;\">oc\u00ea pode tamb\u00e9m, durante todo o ano de 2025 renovar seu PAGAMENTO, migrando para outra forma de pagamento que fa\u00e7a parte &#8220;desta promo\u00e7\u00e3o&#8221;, sem que haja altera\u00e7\u00e3o dos pre\u00e7os, ou seja, os pre\u00e7os ficam congelados para voc\u00ea, pelo per\u00edodo de 1 um ano!<\/span><\/span><\/p>\n<p><span style=\"color: #000000;\"><strong>O que este Pacote oferece como conte\u00fado semanal durante o m\u00eas:<\/strong><\/span><\/p>\n<ul>\n<li><span style=\"font-size: 16px; color: #000000;\"><strong>M\u00d3DULO FULL TRAINING:<\/strong> 2hs de Treinamento Completo Rotineiro (Karat\u00ea Jitsu &#8211; Karat\u00ea de Combate). Voltado para quem almeja treinar diretamente com o Sensei Kazur\u00f4, ou deseja praticar uma Arte Marcial como manuten\u00e7\u00e3o di\u00e1ria de sua performance f\u00edsica, mental e espiritual;<\/span><\/li>\n<li><span style=\"font-size: 16px; color: #000000;\"><strong>M\u00d3DULO STRICKER<\/strong>: 1h de Aula de mentoria altamente t\u00e9cnica e de supremacia estrat\u00e9gica, voltada para Lutadores Stricker&#8217;s, especialistas em Lutas de Troca\u00e7\u00e3o;<\/span><\/li>\n<li><span style=\"font-size: 16px; color: #000000;\"><strong>M\u00d3DULO MASTERCLASS:<\/strong> 1h de Aula com Mentoria ao vivo, acompanhada de Plant\u00e3o de D\u00favidas;<\/span><\/li>\n<li><span style=\"font-size: 16px; color: #000000;\"><strong>BONUS TRACK:<\/strong> 30min. de Aula B\u00f4nus, oferecida somente, na \u00faltima semana de cada m\u00eas, com temas universais das Artes Marciais voltado para &#8220;especialistas&#8221;;<\/span><\/li>\n<li><span style=\"color: #000000;\"><span style=\"vertical-align: inherit;\"><strong>GRUPO PRIVADO:<\/strong> acesso ao Grupo Privado do WhatsApp, composto somente por Membros desta &#8220;promo\u00e7\u00e3o&#8221;;<\/span><\/span><\/li>\n<li><span style=\"color: #000000; font-size: 16px;\"><strong>AULA B\u00d4NUS:<\/strong> Aula Presencial ministrada pelo pr\u00f3prio Sensei Kazur\u00f4, todo \u00faltimo domingo de cada m\u00eas, na Cidade de S. Roque\/SP\/Brasil.<\/span><\/li>\n<li><strong>APOSTILA MESTRA:<\/strong> ap\u00f3s o pagamento, voc\u00ea receber\u00e1 uma <strong>&#8220;APOSTILA&#8221;<\/strong> em formato <strong>PDF<\/strong>, nela estar\u00e3o contidas todas as informa\u00e7\u00f5es e os <strong>LINK&#8217;s<\/strong> de acesso de todo o conte\u00fado do Pacote &#8220;Full Training PLUS&#8221;.<\/li>\n<\/ul>\n<p><strong>Recado importante sobre a Apostila Mestra:<\/strong><\/p>\n<p>Ap\u00f3s receber sua <strong>APOSTILA MESTRA,<\/strong> muita aten\u00e7\u00e3o para n\u00e3o perde-la, pois ela ser\u00e1 a sua \u00fanica maneira de acessar todo o conte\u00fado do Curso. Nesta mesma APOSTILA, o conte\u00fado total estar\u00e1 sendo distribu\u00eddo em <strong>4 Partes<\/strong>. Cada Parte \u00e9 entregue no in\u00edcio de cada semana do m\u00eas, sendo liberado o acesso gradativamente, semana ap\u00f3s semana, at\u00e9 que sejam conclu\u00eddas as <strong>4 semanas<\/strong> do m\u00eas.<\/p>\n<p><span style=\"color: #000000;\"><strong><span style=\"vertical-align: inherit;\">ATEN\u00c7\u00c3O:<\/span><\/strong><span style=\"vertical-align: inherit;\"> antes de efetuar sua compra, pedimos que siga algumas orienta\u00e7\u00f5es, para que voc\u00ea obtenha total satisfa\u00e7\u00e3o ao adquirir nosso Produto:<\/span><\/span><\/p>\n<ul>\n<li><span style=\"color: #000000;\"><span style=\"vertical-align: inherit;\"> Assista gratuitamente a &#8220;<strong>Pr\u00e9via do Curso&#8221;<\/strong> que est\u00e1 disponibilizado no in\u00edcio desta <\/span><strong><span style=\"vertical-align: inherit;\">&#8220;DESCRI\u00c7\u00c3O&#8221;<\/span><\/strong><span style=\"vertical-align: inherit;\"> e conhe\u00e7a um pouco mais a respeito do <strong>&#8220;Pacote &#8211; Full Training &#8220;PLUS&#8221;;<\/strong><\/span><\/span><\/li>\n<li><span style=\"color: #000000;\"><span style=\"vertical-align: inherit;\">Ap\u00f3s efetuar a sua compra, entre na &#8220;<strong>AREA DE MEMBROS&#8221; <\/strong>deste SITE e CLICK em <strong>DOWNLOAD<\/strong> ou CLICK em <strong>PEDIDOS<\/strong> e depois em <strong>VISUALIZAR<\/strong> para BAIXAR a <strong>APOSTILA MESTRA<\/strong> e outros materiais digitais fornecidos;<\/span><\/span><\/li>\n<li>Ap\u00f3s pagamento, voc\u00ea ter\u00e1<strong> &#8220;30 dias&#8221;<\/strong> para BAIXAR (download) a sua APOSTILA MESTRA de dentro deste SITE, portanto, n\u00e3o deixe para o \u00faltimo dia;<\/li>\n<li>Antes de efetuar os DOWNLOAD&#8217;S certifique-se de saber em qual PASTA do seu Computador, Celular ou Tablet, ser\u00e1 armazenado o arquivo baixado;<\/li>\n<li><span style=\"color: #000000;\"><span style=\"vertical-align: inherit;\">Para lhe trazer mais confian\u00e7a e credibilidade sobre este produto, est\u00e1 disponibilizado no final desta p\u00e1gina, um <strong>Resumo <\/strong>do<strong> Curriculum Vitae <\/strong>do <strong>Sensei Kazur\u00f4 Nakashima<\/strong> para sua aprecia\u00e7\u00e3o, afim de que, voc\u00ea tenha total certeza e satisfa\u00e7\u00e3o, que fez um bom investimento ao adquirir nosso Produto!<\/span><\/span><\/li>\n<\/ul>\n<p><span style=\"color: #000000;\"><strong>NOTA DE ESCLARECIMENTO:<\/strong> saiba que, 90% dos lucros provenientes do <strong>\u201cPDOFP\u201d<\/strong> s\u00e3o destinados \u00e0s obras filantr\u00f3picas e assistenciais do <strong>IKN-Instituto (ACEPPA)<\/strong>. <\/span><span style=\"color: #000000;\">Se voc\u00ea se identifica com a\u00e7\u00f5es de solidariedade e deseja saber mais sobre nossos trabalhos, nossa luta contra o mal e o principal <strong>Prop\u00f3sito<\/strong> a qual foi criado este Programa de Discipulado, ent\u00e3o visite nossa <strong><a href=\"https:\/\/ofaixapreta.com.br\/index.php\/institucional\/\">P\u00c1GINA INSTITUCIONAL<\/a><\/strong> aqui mesmo neste site, e venha abra\u00e7ar verdadeiramente a nossa causa de vida!<\/span><\/p>\n<p><span style=\"color: #000000;\">Desfrute com responsabilidade, modera\u00e7\u00e3o e sabedoria.<\/span><\/p>\n<p><span style=\"color: #000000;\">Que Deus te aben\u00e7oe grandemente por sua colabora\u00e7\u00e3o.<\/span><\/p>\n<p><span style=\"color: #000000;\">For\u00e7a e Honra. Ossu!<\/span><\/p>\n<p><strong>Segue resumo do Curriculum Vitae do Sensei Kazur\u00f4:<\/strong><\/p>\n<ul>\n<li>Nome Completo: Kazur\u00f4 Nakashima Diana<\/li>\n<li>Nascimento: 15\/09\/1974<\/li>\n<li>Nacionalidade: Brasileiro<\/li>\n<li>Naturalidade: S\u00e3o Paulo &#8211; Capital<\/li>\n<li>Filho do Gran Mestre: Douglas Diana<\/li>\n<li>Filho da Mestra: Yukie Nakashima<\/li>\n<li>Profiss\u00e3o: Sensei\/Educador\/Filantropo<\/li>\n<li>Miss\u00e3o de Vida: Propagar o legado por meio da Caridade<\/li>\n<\/ul>\n<p><strong>Principais T\u00edtulos Internacionais Conquistados:<\/strong><\/p>\n<ul>\n<li>Recordista do Livro dos Recordes (Rank Brasil &#8211; Guinness Brasil)<\/li>\n<li>Hexacampe\u00e3o Mundial de Karat\u00ea (9 T\u00edtulos Mundiais Unificados)<\/li>\n<li>5 Unifica\u00e7\u00f5es de T\u00edtulos Mundiais (FMK &#8211; WKC &#8211; TKIF &#8211; WKA &#8211; WKIF)<\/li>\n<li>5 T\u00edtulos Intercontinentais (3 Gold &#8211; 2 Silver)<\/li>\n<li>7 T\u00edtulos Continentais (4 x Gold &#8211; 2 Silver &#8211; 1 Bronze)<\/li>\n<li>Atleta Nacional Renomado (Sele\u00e7\u00f5es FPK &#8211; CBK &#8211; CBKI)<\/li>\n<\/ul>\n<p><strong>Forma\u00e7\u00e3o na \u00e1rea:<\/strong><\/p>\n<ul>\n<li>Faixa Preta 5\u00ba Dan (Karat\u00ea Goju-ryu)<\/li>\n<li>Disc\u00edpulo direto do Gran Mestre 8\u00ba Dan (Douglas Diana &#8211; Nippaku Shobukan)<\/li>\n<li>Principais Mestres com quem treinou Karat\u00ea no Brasil: (Yoshihide Shinzato, Sadao Saito, Yoshitaka Akamine, Yasunori Yonamine)<\/li>\n<li><span style=\"vertical-align: inherit;\">Mestres com quem Cursou ou Estagiou: (Teruo Chinen, Fumio Demura, Shigetoshi Senaha, Christophe Pinna, Masao Kagawa, Mikio Yahara, Yasuyuki Sasaki, Takashi Shimo, Takashi Shigueda, Ademir Sidnei Ferreira da Costa, Akiyoshi Shokei Matsui, Chiaki Ishii, Rog\u00e9rio Sampaio, Aur\u00e9lio Miguel, Flavio Behring, Rickson Gracie, Fe\u00f3d Vladimirovitch Emelianenko, Danny Inosanto, Fred Mastro, Paulo Zorello, Michael Shawn Bernardo e Peter Aerts)<\/span><\/li>\n<li><span style=\"vertical-align: inherit;\">Teve como T\u00e9cnicos e Preparadores F\u00edsicos (Geraldo Gilberto D&#8217;Paula, Edson Fujinori Nakama, Lucy Fonseca Nakama, Jos\u00e9 Carlos Gomes, Valdir Trindade dos Santos, Tito Col\u00f3 Neto, Ricardo Morra e Eduardo Iabanji)<\/span><\/li>\n<li>Artes Marciais que Treinou (KickBoxing, Full Contact, Boxe, Jud\u00f4, Jiu Jitsu, Karat\u00ea Kyokushin e Karat\u00ea Goju-ryu)<\/li>\n<\/ul>\n<p><strong>Cargos Exercidos:<\/strong><\/p>\n<ul>\n<li>Instrutor Chefe (Tradicional Karat\u00ea School &#8211; Shureikan)<\/li>\n<li>Co-fundador (ACEPPA &#8211; Associa\u00e7\u00e3o Cultural Esportiva de Proje\u00e7\u00e3o Prol Atleta)<\/li>\n<li>Idealizador e Coordenador (Projeto Karatekinha do Brasil)<\/li>\n<li>Coordenador (Projeto CLISPROK &#8211; Cl\u00ednica de Suporte ao Profissional Karateca)<\/li>\n<li>Administrador Geral &#8211; CEO (IKN-Instituto Kazur\u00f4 Nakashima)<\/li>\n<li>Instrutor Chefe (PDOFP &#8211; Programa de Discipulado &#8211; O Faixa Preta)<\/li>\n<\/ul>\n<p><strong>Base de Forma\u00e7\u00e3o T\u00e9cnica e Superior:<\/strong><\/p>\n<ul>\n<li>TE\/Contabilidade &#8211; CTPJA\/SP<\/li>\n<li>TI\/Processamento de Dados &#8211; CTPJA\/SP<\/li>\n<li>Ci\u00eancias Econ\u00f4micas &#8211; PUC\/SP<\/li>\n<li>Educa\u00e7\u00e3o F\u00edsica &#8211; FMU\/SP<\/li>\n<\/ul>\n<p><strong>Base de Conhecimento T\u00e9cnico e Superior:<\/strong><\/p>\n<ul>\n<li>M\u00fasica &#8211; Academia Brasileira de M\u00fasica &#8211; A. BACK\/SP<\/li>\n<li>Fisioterapia &#8211; UNITAL\/SP<\/li>\n<li>Teologia &#8211; MIDE\/SP &#8211; UNI-ETEP\/SP<\/li>\n<li>Pedagogia &#8211; FMU\/SP<\/li>\n<\/ul>\n<p><strong>Desenvolveu e Liderou os seguintes Programas e Projetos Sociais:<\/strong><\/p>\n<p>Projeto Karatekinha do Brasil, <span style=\"font-size: 16px;\">Projeto CLISPROK, <\/span><span style=\"font-size: 16px;\">Projeto A\u00e7\u00e3o Total, <\/span><span style=\"font-size: 16px;\">Programa N\u00f3s somos 1, <\/span><span style=\"font-size: 16px;\">Programa de M\u00e3os dadas, <\/span><span style=\"font-size: 16px;\">Programa P\u00e3o Di\u00e1rio, <\/span><span style=\"font-size: 16px;\">Programa Medalha, medalha&#8230;, Programa Pontinho do bem, <\/span><span style=\"font-size: 16px;\">Programa Sementes do amanh\u00e3 e Programa PDOFP.<\/span><\/p>\n<p><strong>Teve como principais Patrocinadores quando Atleta:<\/strong><\/p>\n<p>MIZUNO (Alpargatas), A\u00e7os GERDAL, NEXTEL, MOTOROLA, A\u00e7os VILLARES, QUAKER, SODIMAC-DICICO, METROPOLITAM-METROFILE, CCR (ViaOeste), EMBRATEL&#8230;<\/p>\n","protected":false},"excerpt":{"rendered":"<p>Pacote <strong>Black Friday<\/strong> &#8211; Full Training &#8220;PLUS&#8221; com direito a 6 meses de uso com acesso vital\u00edcio! Conte\u00fado fornecido altamente t\u00e9cnico, com 3 x M\u00f3dulos de Treinamento Digital em &#8220;1&#8221; um \u00fanico PACOTE PROMOCIONAL! V\u00e1lido somente <strong>&#8220;Hoje&#8221;<\/strong>, portanto n\u00e3o perca! Treinamentos e Aulas ministradas diretamente pelo Hexacampe\u00e3o Mundial &#8220;Kazur\u00f4 Nakashima&#8221; com <strong>B\u00f4nus Extras<\/strong> para frequentar aulas <strong>&#8220;presenciais&#8221;<\/strong> todo final de m\u00eas! Isso e muito mais! Antes de adquirir, veja todas as informa\u00e7\u00f5es na <strong>&#8220;DESCRI\u00c7\u00c3O COMPLETA&#8221;<\/strong> desta P\u00e1gina e surpreenda-se com a excelente qualidade deste CURSO!<\/p>\n","protected":false},"featured_media":178,"comment_status":"open","ping_status":"closed","template":"","meta":{"site-sidebar-layout":"default","site-content-layout":"","ast-site-content-layout":"default","site-content-style":"default","site-sidebar-style":"default","ast-global-header-display":"","ast-banner-title-visibility":"","ast-main-header-display":"","ast-hfb-above-header-display":"","ast-hfb-below-header-display":"","ast-hfb-mobile-header-display":"","site-post-title":"","ast-breadcrumbs-content":"","ast-featured-img":"","footer-sml-layout":"","ast-disable-related-posts":"","theme-transparent-header-meta":"default","adv-header-id-meta":"","stick-header-meta":"","header-above-stick-meta":"","header-main-stick-meta":"","header-below-stick-meta":"","astra-migrate-meta-layouts":"set","ast-page-background-enabled":"default","ast-page-background-meta":{"desktop":{"background-color":"var(--ast-global-color-4)","background-image":"","background-repeat":"repeat","background-position":"center center","background-size":"auto","background-attachment":"scroll","background-type":"","background-media":"","overlay-type":"","overlay-color":"","overlay-opacity":"","overlay-gradient":""},"tablet":{"background-color":"","background-image":"","background-repeat":"repeat","background-position":"center center","background-size":"auto","background-attachment":"scroll","background-type":"","background-media":"","overlay-type":"","overlay-color":"","overlay-opacity":"","overlay-gradient":""},"mobile":{"background-color":"","background-image":"","background-repeat":"repeat","background-position":"center center","background-size":"auto","background-attachment":"scroll","background-type":"","background-media":"","overlay-type":"","overlay-color":"","overlay-opacity":"","overlay-gradient":""}},"ast-content-background-meta":{"desktop":{"background-color":"var(--ast-global-color-5)","background-image":"","background-repeat":"repeat","background-position":"center center","background-size":"auto","background-attachment":"scroll","background-type":"","background-media":"","overlay-type":"","overlay-color":"","overlay-opacity":"","overlay-gradient":""},"tablet":{"background-color":"var(--ast-global-color-5)","background-image":"","background-repeat":"repeat","background-position":"center center","background-size":"auto","background-attachment":"scroll","background-type":"","background-media":"","overlay-type":"","overlay-color":"","overlay-opacity":"","overlay-gradient":""},"mobile":{"background-color":"var(--ast-global-color-5)","background-image":"","background-repeat":"repeat","background-position":"center center","background-size":"auto","background-attachment":"scroll","background-type":"","background-media":"","overlay-type":"","overlay-color":"","overlay-opacity":"","overlay-gradient":""}}},"product_brand":[],"product_cat":[40,41],"product_tag":[],"class_list":{"0":"post-175","1":"product","2":"type-product","3":"status-publish","4":"has-post-thumbnail","6":"product_cat-black-friday","7":"product_cat-pacotes-promocionais","8":"desktop-align-left","9":"tablet-align-left","10":"mobile-align-left","12":"first","13":"instock","14":"sale","15":"downloadable","16":"virtual","17":"sold-individually","18":"purchasable","19":"product-type-simple"},"_links":{"self":[{"href":"https:\/\/ofaixapreta.com.br\/index.php\/wp-json\/wp\/v2\/product\/175","targetHints":{"allow":["GET"]}}],"collection":[{"href":"https:\/\/ofaixapreta.com.br\/index.php\/wp-json\/wp\/v2\/product"}],"about":[{"href":"https:\/\/ofaixapreta.com.br\/index.php\/wp-json\/wp\/v2\/types\/product"}],"replies":[{"embeddable":true,"href":"https:\/\/ofaixapreta.com.br\/index.php\/wp-json\/wp\/v2\/comments?post=175"}],"version-history":[{"count":0,"href":"https:\/\/ofaixapreta.com.br\/index.php\/wp-json\/wp\/v2\/product\/175\/revisions"}],"wp:featuredmedia":[{"embeddable":true,"href":"https:\/\/ofaixapreta.com.br\/index.php\/wp-json\/wp\/v2\/media\/178"}],"wp:attachment":[{"href":"https:\/\/ofaixapreta.com.br\/index.php\/wp-json\/wp\/v2\/media?parent=175"}],"wp:term":[{"taxonomy":"product_brand","embeddable":true,"href":"https:\/\/ofaixapreta.com.br\/index.php\/wp-json\/wp\/v2\/product_brand?post=175"},{"taxonomy":"product_cat","embeddable":true,"href":"https:\/\/ofaixapreta.com.br\/index.php\/wp-json\/wp\/v2\/product_cat?post=175"},{"taxonomy":"product_tag","embeddable":true,"href":"https:\/\/ofaixapreta.com.br\/index.php\/wp-json\/wp\/v2\/product_tag?post=175"}],"curies":[{"name":"wp","href":"https:\/\/api.w.org\/{rel}","templated":true}]}}